{"id":3776,"date":"2025-06-04T10:16:46","date_gmt":"2025-06-04T07:16:46","guid":{"rendered":"https:\/\/zayimoglu.com\/?post_type=product&#038;p=3776"},"modified":"2025-06-04T10:17:29","modified_gmt":"2025-06-04T07:17:29","slug":"derman-kuru-donem-yemi","status":"publish","type":"product","link":"https:\/\/zayimoglu.com\/index.php\/product\/derman-kuru-donem-yemi\/","title":{"rendered":"Derman Kuru D\u00f6nem Yemi"},"content":{"rendered":"<p>Bu yem, en az bir kez do\u011fum yapm\u0131\u015f kuru d\u00f6nemdeki ineklerin beslenmesinde kullan\u0131lan tamamlay\u0131c\u0131 yemdir. Hayvan\u0131n canl\u0131 a\u011f\u0131rl\u0131\u011f\u0131na ve kullan\u0131lan kaba yem \u00e7e\u015fidine g\u00f6re g\u00fcnl\u00fck 3-6 kg Derman Kuru D\u00f6nem Yemi yedirilmelidir. B\u00fct\u00fcn temel besin maddeleri bilgisayar ortam\u0131nda rasyon program\u0131 ile dengelenmi\u015ftir.<\/p>\n\n    <div class=\"xs_social_share_widget xs_share_url after_content \t\tmain_content  wslu-style-1 wslu-share-box-shaped wslu-fill-colored wslu-none wslu-share-horizontal wslu-theme-font-no wslu-main_content\">\n\n\t\t\n        <ul>\n\t\t\t        <\/ul>\n    <\/div> \n","protected":false},"excerpt":{"rendered":"<p>Kuruda ineklerin do\u011fumuna \u00fc\u00e7 hafta kalana kadarki d\u00f6nemlerinde kullan\u0131lmak \u00fczere form\u00fcle edilmi\u015f, enerji ve proteince dengelenmi\u015f bir yemdir.<br \/>\n<img decoding=\"async\" src=\"https:\/\/zayimoglu.com\/wp-content\/uploads\/2025\/06\/cuval-ikon1-300x300.png\" alt=\"\" width=\"100\" height=\"100\" class=\"alignnone size-medium wp-image-3749\" srcset=\"https:\/\/zayimoglu.com\/wp-content\/uploads\/2025\/06\/cuval-ikon1-300x300.png 300w, https:\/\/zayimoglu.com\/wp-content\/uploads\/2025\/06\/cuval-ikon1-150x150.png 150w, https:\/\/zayimoglu.com\/wp-content\/uploads\/2025\/06\/cuval-ikon1-370x370.png 370w, https:\/\/zayimoglu.com\/wp-content\/uploads\/2025\/06\/cuval-ikon1-60x60.png 60w, https:\/\/zayimoglu.com\/wp-content\/uploads\/2025\/06\/cuval-ikon1-100x100.png 100w\" sizes=\"(max-width: 100px) 100vw, 100px\" \/><\/p>\n","protected":false},"featured_media":3777,"template":"","meta":{"inline_featured_image":false,"_monsterinsights_skip_tracking":false,"_monsterinsights_sitenote_active":false,"_monsterinsights_sitenote_note":"","_monsterinsights_sitenote_category":0},"product_brand":[],"product_cat":[147],"product_tag":[],"class_list":{"0":"post-3776","1":"product","2":"type-product","3":"status-publish","4":"has-post-thumbnail","6":"product_cat-sut-yemi","8":"first","9":"instock","10":"shipping-taxable","11":"product-type-simple"},"aioseo_notices":[],"_links":{"self":[{"href":"https:\/\/zayimoglu.com\/index.php\/wp-json\/wp\/v2\/product\/3776","targetHints":{"allow":["GET"]}}],"collection":[{"href":"https:\/\/zayimoglu.com\/index.php\/wp-json\/wp\/v2\/product"}],"about":[{"href":"https:\/\/zayimoglu.com\/index.php\/wp-json\/wp\/v2\/types\/product"}],"wp:featuredmedia":[{"embeddable":true,"href":"https:\/\/zayimoglu.com\/index.php\/wp-json\/wp\/v2\/media\/3777"}],"wp:attachment":[{"href":"https:\/\/zayimoglu.com\/index.php\/wp-json\/wp\/v2\/media?parent=3776"}],"wp:term":[{"taxonomy":"product_brand","embeddable":true,"href":"https:\/\/zayimoglu.com\/index.php\/wp-json\/wp\/v2\/product_brand?post=3776"},{"taxonomy":"product_cat","embeddable":true,"href":"https:\/\/zayimoglu.com\/index.php\/wp-json\/wp\/v2\/product_cat?post=3776"},{"taxonomy":"product_tag","embeddable":true,"href":"https:\/\/zayimoglu.com\/index.php\/wp-json\/wp\/v2\/product_tag?post=3776"}],"curies":[{"name":"wp","href":"https:\/\/api.w.org\/{rel}","templated":true}]}}