{"id":3796,"date":"2025-06-04T10:53:16","date_gmt":"2025-06-04T07:53:16","guid":{"rendered":"https:\/\/zayimoglu.com\/?post_type=product&#038;p=3796"},"modified":"2025-06-04T10:55:20","modified_gmt":"2025-06-04T07:55:20","slug":"koyun-sut-yemi","status":"publish","type":"product","link":"https:\/\/zayimoglu.com\/index.php\/product\/koyun-sut-yemi\/","title":{"rendered":"Koyun S\u00fct Yemi"},"content":{"rendered":"<p><img fetchpriority=\"high\" decoding=\"async\" src=\"https:\/\/zayimoglu.com\/wp-content\/uploads\/2025\/06\/koyun-sutyemi4-e1749023139185-300x300.png\" alt=\"\" width=\"250\" height=\"250\" class=\"alignnone size-medium wp-image-3798\" srcset=\"https:\/\/zayimoglu.com\/wp-content\/uploads\/2025\/06\/koyun-sutyemi4-e1749023139185-300x300.png 300w, https:\/\/zayimoglu.com\/wp-content\/uploads\/2025\/06\/koyun-sutyemi4-e1749023139185-150x150.png 150w, https:\/\/zayimoglu.com\/wp-content\/uploads\/2025\/06\/koyun-sutyemi4-e1749023139185-370x370.png 370w, https:\/\/zayimoglu.com\/wp-content\/uploads\/2025\/06\/koyun-sutyemi4-e1749023139185-60x60.png 60w, https:\/\/zayimoglu.com\/wp-content\/uploads\/2025\/06\/koyun-sutyemi4-e1749023139185-100x100.png 100w\" sizes=\"(max-width: 250px) 100vw, 250px\" \/><img decoding=\"async\" src=\"https:\/\/zayimoglu.com\/wp-content\/uploads\/2025\/06\/koyun-sutyemi66-300x300.png\" alt=\"\" width=\"250\" height=\"250\" class=\"alignnone size-medium wp-image-3799\" srcset=\"https:\/\/zayimoglu.com\/wp-content\/uploads\/2025\/06\/koyun-sutyemi66-300x300.png 300w, https:\/\/zayimoglu.com\/wp-content\/uploads\/2025\/06\/koyun-sutyemi66-150x150.png 150w, https:\/\/zayimoglu.com\/wp-content\/uploads\/2025\/06\/koyun-sutyemi66-370x370.png 370w, https:\/\/zayimoglu.com\/wp-content\/uploads\/2025\/06\/koyun-sutyemi66-60x60.png 60w, https:\/\/zayimoglu.com\/wp-content\/uploads\/2025\/06\/koyun-sutyemi66-100x100.png 100w\" sizes=\"(max-width: 250px) 100vw, 250px\" \/><img decoding=\"async\" src=\"https:\/\/zayimoglu.com\/wp-content\/uploads\/2025\/06\/koyun-sutyemi8-300x300.png\" alt=\"\" width=\"250\" height=\"250\" class=\"alignnone size-medium wp-image-3800\" srcset=\"https:\/\/zayimoglu.com\/wp-content\/uploads\/2025\/06\/koyun-sutyemi8-300x300.png 300w, https:\/\/zayimoglu.com\/wp-content\/uploads\/2025\/06\/koyun-sutyemi8-150x150.png 150w, https:\/\/zayimoglu.com\/wp-content\/uploads\/2025\/06\/koyun-sutyemi8-60x60.png 60w, https:\/\/zayimoglu.com\/wp-content\/uploads\/2025\/06\/koyun-sutyemi8-100x100.png 100w\" sizes=\"(max-width: 250px) 100vw, 250px\" \/><img loading=\"lazy\" decoding=\"async\" src=\"https:\/\/zayimoglu.com\/wp-content\/uploads\/2025\/06\/koyun-sutyemi7-300x300.png\" alt=\"\" width=\"250\" height=\"250\" class=\"alignnone size-medium wp-image-3801\" srcset=\"https:\/\/zayimoglu.com\/wp-content\/uploads\/2025\/06\/koyun-sutyemi7-300x300.png 300w, https:\/\/zayimoglu.com\/wp-content\/uploads\/2025\/06\/koyun-sutyemi7-150x150.png 150w, https:\/\/zayimoglu.com\/wp-content\/uploads\/2025\/06\/koyun-sutyemi7-370x370.png 370w, https:\/\/zayimoglu.com\/wp-content\/uploads\/2025\/06\/koyun-sutyemi7-60x60.png 60w, https:\/\/zayimoglu.com\/wp-content\/uploads\/2025\/06\/koyun-sutyemi7-100x100.png 100w\" sizes=\"(max-width: 250px) 100vw, 250px\" \/><\/p>\n\n    <div class=\"xs_social_share_widget xs_share_url after_content \t\tmain_content  wslu-style-1 wslu-share-box-shaped wslu-fill-colored wslu-none wslu-share-horizontal wslu-theme-font-no wslu-main_content\">\n\n\t\t\n        <ul>\n\t\t\t        <\/ul>\n    <\/div> \n","protected":false},"excerpt":{"rendered":"<p>Sa\u011fmal koyunlar\u0131n beslenmesinde kullan\u0131lan tamamlay\u0131c\u0131 yemdir. Et, s\u00fct ve kombine verim y\u00f6n\u00fc olan her \u0131rktan dam\u0131zl\u0131k koyunlar\u0131n beslenmesinde kullan\u0131l\u0131r.<br \/>\n<img loading=\"lazy\" decoding=\"async\" src=\"https:\/\/zayimoglu.com\/wp-content\/uploads\/2025\/06\/cuval-ikon-50-114-300x300.png\" alt=\"\" width=\"100\" height=\"100\" class=\"alignnone size-medium wp-image-3726\" srcset=\"https:\/\/zayimoglu.com\/wp-content\/uploads\/2025\/06\/cuval-ikon-50-114-300x300.png 300w, https:\/\/zayimoglu.com\/wp-content\/uploads\/2025\/06\/cuval-ikon-50-114-150x150.png 150w, https:\/\/zayimoglu.com\/wp-content\/uploads\/2025\/06\/cuval-ikon-50-114-370x370.png 370w, https:\/\/zayimoglu.com\/wp-content\/uploads\/2025\/06\/cuval-ikon-50-114-60x60.png 60w, https:\/\/zayimoglu.com\/wp-content\/uploads\/2025\/06\/cuval-ikon-50-114-100x100.png 100w\" sizes=\"(max-width: 100px) 100vw, 100px\" \/><\/p>\n","protected":false},"featured_media":3797,"template":"","meta":{"inline_featured_image":false,"_monsterinsights_skip_tracking":false,"_monsterinsights_sitenote_active":false,"_monsterinsights_sitenote_note":"","_monsterinsights_sitenote_category":0},"product_brand":[],"product_cat":[150],"product_tag":[],"class_list":{"0":"post-3796","1":"product","2":"type-product","3":"status-publish","4":"has-post-thumbnail","6":"product_cat-kucukbas-yemleri","8":"first","9":"instock","10":"shipping-taxable","11":"product-type-simple"},"aioseo_notices":[],"_links":{"self":[{"href":"https:\/\/zayimoglu.com\/index.php\/wp-json\/wp\/v2\/product\/3796","targetHints":{"allow":["GET"]}}],"collection":[{"href":"https:\/\/zayimoglu.com\/index.php\/wp-json\/wp\/v2\/product"}],"about":[{"href":"https:\/\/zayimoglu.com\/index.php\/wp-json\/wp\/v2\/types\/product"}],"wp:featuredmedia":[{"embeddable":true,"href":"https:\/\/zayimoglu.com\/index.php\/wp-json\/wp\/v2\/media\/3797"}],"wp:attachment":[{"href":"https:\/\/zayimoglu.com\/index.php\/wp-json\/wp\/v2\/media?parent=3796"}],"wp:term":[{"taxonomy":"product_brand","embeddable":true,"href":"https:\/\/zayimoglu.com\/index.php\/wp-json\/wp\/v2\/product_brand?post=3796"},{"taxonomy":"product_cat","embeddable":true,"href":"https:\/\/zayimoglu.com\/index.php\/wp-json\/wp\/v2\/product_cat?post=3796"},{"taxonomy":"product_tag","embeddable":true,"href":"https:\/\/zayimoglu.com\/index.php\/wp-json\/wp\/v2\/product_tag?post=3796"}],"curies":[{"name":"wp","href":"https:\/\/api.w.org\/{rel}","templated":true}]}}